i - 3*i + 240. Calculate the greatest common factor of i and 15.
15
Suppose 49 - 5 = 4*x. Let c(z) be the first derivative of -61*z**2/2 - z - 2. Let b be c(-2). What is the greatest common factor of x and b?
11
Let g(l) = -11*l + 3. Let c be g(-3). Suppose -3*s + 12 = s. Suppose s*u + 6 = 4*u. Calculate the highest common factor of u and c.
6
Let r(j) = j**2 + 4*j + 4. Suppose 0*c - 2*c = 16. Let k be r(c). What is the greatest common divisor of 12 and k?
12
Let r(m) = m**3 + 8*m**2 + 6*m - 5. Let o be r(-7). Let w = 6 + -4. What is the greatest common divisor of o and w?
2
Suppose -u = -3*u + 100. Suppose v + u = 6*v. Let t = -2 - -4. Calculate the greatest common factor of v and t.
2
Let m be ((-312)/(-36))/(1/33). Calculate the greatest common divisor of 26 and m.
26
Let v be 42/(7 + (-3 - 2)). What is the greatest common divisor of v and 21?
21
Suppose -60 = -5*r - 5*t, -3*r + 11 = -3*t - 7. Calculate the greatest common divisor of r and 45.
9
Let u(c) = -c**3 + 6*c**2 + 3*c. Let f be u(3). Let g be (1/2)/(2/20). Suppose -b + g*b = 36. What is the greatest common divisor of b and f?
9
Let g(j) be the third derivative of j**5 + j**4/24 - j**3/3 + 3*j**2. Let o be g(2). What is the greatest common divisor of 24 and o?
24
Let x = 212 - 122. Let d = 22 - 12. Calculate the greatest common factor of d and x.
10
Let r(n) = -n + 1. Let h be r(-8). Calculate the highest common factor of 1 and h.
1
Suppose d + 4*u - 48 = -3*d, -u - 16 = -3*d. What is the highest common factor of 35 and d?
7
Let s(n) = -5*n + 1. Let p(d) = 2*d - 1. Let v(b) = 5*p(b) + 3*s(b). Let t be v(2). Let l be (0 - 6)*112/t. What is the highest common divisor of l and 14?
14
Suppose 0 = -p + n + 145, 0 = -n - 2*n. Let o be p/15 + (-2)/3. What is the highest common divisor of o and 81?
9
Let i(z) = z**2 - 5*z - 5. Let l be i(6). What is the greatest common factor of l and 1?
1
Suppose 0 = y + 5, -2*y = -o + 13 - 0. What is the highest common divisor of o and 33?
3
Let h(a) = -2*a + 3. Let l be h(3). Let q be 12 - (-2)/(2 + l). What is the greatest common divisor of q and 15?
5
Suppose t = 2*t - 2. Let z = 8 - 8. Let x = z - -14. What is the highest common factor of t and x?
2
Suppose 50 = -0*y + 2*y. Let z be 34/(-51)*(-16 + 1). What is the greatest common divisor of y and z?
5
Let v = 17 + 8. Let k(s) = s**3 + 3*s**2 - 5*s + 2. Let q be k(-4). Suppose v = 5*m, 4*r = 2*m - q*m + 52. What is the highest common factor of 56 and r?
8
Let s be ((-2)/(-4))/(2/240). Let d(l) = l**2 + 4*l + 8. Suppose -8*n + 4*n = 32. Let f be d(n). What is the greatest common factor of s and f?
20
Let a(v) = 5*v**2 - 13*v + 14. Let n be a(4). Calculate the greatest common divisor of n and 105.
21
Let s be 4/22 + 760/55. Calculate the greatest common divisor of 14 and s.
14
Let u be (0 + -34)/2 - -3. Let p be (-332)/u + 8/28. Calculate the greatest common factor of 16 and p.
8
Suppose 3*t + 32 = 4*r, -4*t - 41 = -8*r + 3*r. Let b be 57 - -4*1/(-2). Calculate the greatest common factor of r and b.
5
Let v = 0 + 3. Suppose -t - t + 5*z = -54, 4*z + 81 = v*t. Calculate the highest common factor of 3 and t.
3
Suppose 0 = 2*r - 3 - 1. Suppose r*d - 10 = -4*i, -5*i + 37 - 107 = -3*d. Calculate the highest common divisor of d and 15.
15
Let t(w) = -9*w - 2. Let b(y) = 198*y + 45. Let q(m) = -2*b(m) - 45*t(m). Let s be q(2). Calculate the greatest common factor of s and 72.
18
Suppose 3*r + 5*l - 101 = 0, -4*r + 5*l + 71 = -52. What is the highest common divisor of r and 24?
8
Suppose -3*c = -2*r + 22, -c + 0 = 3*r - 11. Suppose -2*u = r*a + 2*u - 491, -a - 4*u = -95. What is the greatest common divisor of 9 and a?
9
Let x = -593 + 1895. Suppose -x = -5*y - 2*i, -517 = y - 3*y + 3*i. Suppose 3*q + 59 - y = 3*t, -2*t + 10 = 0. Calculate the highest common factor of q and 8.
8
Let r be (26/(-8))/(5/(-20)). Let x = 7 - 3. Suppose -x*i + 227 = -r. Calculate the greatest common divisor of 12 and i.
12
Suppose 0*b = -b. Suppose b = -2*v - v + 108. Suppose -3*q - 4*y + 250 = 0, -20 = y + 3*y. Calculate the highest common factor of v and q.
18
Let k(a) be the third derivative of 33*a**5/10 + a**4/24 - a**3/6 + 3*a**2. Let z = 0 - -1. Let q be k(z). What is the highest common factor of 22 and q?
22
Suppose -315 = -7*f + 2*f. Let u be (-176)/(-18) - (-14)/f. What is the highest common divisor of 60 and u?
10
Suppose 0*y = 2*y + 10. Let m = 6 + y. Let p be 52 + -2 + (1 - m). Calculate the highest common divisor of p and 5.
5
Let x be 1/(-1) + (-5)/(-5). Suppose -2*w - 8 + 32 = x. Suppose 0 = -c + 3*o + 9, -3*o - 4 = -1. Calculate the highest common divisor of c and w.
6
Suppose 3*w - 3*p = 435, 0 = -3*w - 2*p + 4*p + 430. Suppose 0*i + 5*g - w = -4*i, 0 = 5*g. What is the highest common divisor of i and 7?
7
Let h = 7 + -3. Let i be (11952/(-30))/(-12) + (-18)/15. Calculate the greatest common divisor of i and h.
4
Let a = 8 + -4. Let s(k) = 2 + k**3 - 3*k - a*k**2 + 1 - 4 + 2. Let x be s(5). Calculate the greatest common divisor of 88 and x.
11
Suppose -w - 4*w = 5*d + 15, -d - 3 = 0. Let n = w - 0. Suppose -3*m - 2*k = -79, 2*k + n + 2 = 0. Calculate the greatest common divisor of 9 and m.
9
Let n = 19 - -8. What is the highest common factor of n and 3?
3
Let r(m) = -9*m. Let w be r(-3). Suppose -2*g = -32 - 4. Calculate the highest common divisor of g and w.
9
Let r = -70 - -85. What is the highest common factor of r and 45?
15
Suppose 8 = 2*n - 0. Suppose n*q + 12 = 5*q. What is the greatest common divisor of 36 and q?
12
Suppose 12*z - 243 - 69 = 0. What is the greatest common divisor of 234 and z?
26
Suppose -6*c - 35 = -1367. What is the greatest common divisor of 37 and c?
37
Let v = -26 - -103. Calculate the greatest common divisor of 7 and v.
7
Let l = 53 - 49. What is the greatest common factor of l and 4?
4
Suppose 0 = 2*r - 0*g + g - 91, 4*g + 164 = 4*r. Calculate the highest common divisor of r and 33.
11
Suppose -4*o + 42 = 2*v, 3*v - 2*o = -10 + 97. Let x be (-2)/9 + 3813/v. Let q = x + -66. What is the greatest common factor of 30 and q?
15
Suppose 5*p - p - 32 = 0. What is the highest common factor of 8 and p?
8
Let r(z) = -3*z. Let g be r(-3). Let q(c) = -24*c + 4. Let p be q(3). Let j be 2 + (0 + 2 - p). Calculate the highest common divisor of j and g.
9
Let j = 69 - 60. Calculate the greatest common divisor of j and 45.
9
Let v = 296 - 170. Let k(p) = -4*p - 3. Let i be k(-2). Suppose -2*x + 46 = -4*d, -i*x = -0*d - 4*d - 109. What is the greatest common factor of x and v?
21
Let f(c) = -c**2 - 6*c - 4. Let t be f(-5). Let l be t*38*1/2. Calculate the greatest common divisor of 209 and l.
19
Let j(o) = 125*o - 10. Let t(d) = 14*d - 1. Let v(i) = 4*j(i) - 35*t(i). Let k be v(6). Calculate the greatest common divisor of 22 and k.
11
Let a(h) = h + 7. Let c be a(-12). Let v(k) = -3*k - 2. Let q be v(c). What is the highest common factor of q and 104?
13
Let l(g) = -6*g - 45. Let o be l(-25). What is the greatest common divisor of 35 and o?
35
Let u(p) be the first derivative of p**4/4 + 8*p**3/3 + 4*p**2 + 9*p - 2. Let s be u(-7). What is the greatest common divisor of 2 and s?
2
Let c = 6 + -4. Suppose 78 = c*v + v. Calculate the highest common factor of 13 and v.
13
Suppose -3*d - 2*t = -0*t - 16, 20 = 4*d + 2*t. Let c be d - (8/4 - 1). What is the greatest common divisor of c and 3?
3
Suppose 0 = -5*v + 4 + 6. Suppose 0 = -5*k - 5*x + 65, 3*x = 7*k - 2*k - 89. What is the highest common factor of v and k?
2
Let y = -9 - -2. Let r = y + 11. Calculate the greatest common divisor of 44 and r.
4
Let r be (-8 - -1 - -3) + 44. Calculate the greatest common factor of 8 and r.
8
Let d(c) = -c**3 + c + 45. Let j be d(0). Calculate the greatest common factor of j and 15.
15
Suppose 0 = -0*k + 4*k + 8. Let l be k - (0 + -61)/(-1). Let w = -35 - l. What is the greatest common divisor of w and 7?
7
Let w be (-4 + 3)*(-30 + -1). Let b = w - 11. Calculate the greatest common factor of 160 and b.
20
Let g(t) = 2*t - 7. Let f be g(9). Calculate the greatest common divisor of f and 44.
11
Suppose 0 = -6*j + 8*j - 270. What is the highest common factor of j and 54?
27
Let q = 14 + -11. Let d be q*(6 + 3 + -2). What is the greatest common factor of d and 105?
21
Suppose -1 = -4*u - 89. Let g = 36 + u. Suppose 4*n 